{"id":82744,"date":"2020-10-19T05:00:00","date_gmt":"2020-10-19T05:00:00","guid":{"rendered":"https:\/\/zergerler.az\/?page_id=82744"},"modified":"2026-04-02T13:42:46","modified_gmt":"2026-04-02T13:42:46","slug":"idar%c9%99-hey%c9%99ti","status":"publish","type":"page","link":"https:\/\/zergerler.az\/?page_id=82744","title":{"rendered":"\u0130dar\u0259 Hey\u0259ti"},"content":{"rendered":"<div class=\"wpb-content-wrapper\"><p>[vc_row][vc_column column_width_percent=&#8221;100&#8243; position_horizontal=&#8221;left&#8221; gutter_size=&#8221;0&#8243; overlay_alpha=&#8221;50&#8243; shift_x=&#8221;0&#8243; shift_y=&#8221;0&#8243; shift_y_down=&#8221;0&#8243; z_index=&#8221;0&#8243; medium_width=&#8221;0&#8243; mobile_width=&#8221;0&#8243; width=&#8221;1\/4&#8243;][vc_single_image media=&#8221;83808&#8243; media_width_percent=&#8221;100&#8243;][\/vc_column][vc_column width=&#8221;3\/4&#8243;][vc_custom_heading]<\/p>\n<h2>Abbasquliyev To\u011frul Ayd\u0131n o\u011flu<\/h2>\n<p>\u0130dar\u0259 Hey\u0259tinin s\u0259dri[\/vc_custom_heading][vc_column_text uncode_shortcode_id=&#8221;164560&#8243;]Abbasquliyev To\u011frul Ayd\u0131n o\u011flu 1985-ci ild\u0259 Bak\u0131 \u015f\u0259h\u0259rind\u0259 anadan olmu\u015fdur.\u00a0 2007-ci ild\u0259 Rusiya Federasiyas\u0131n\u0131n Sankt-Peterburq \u015f\u0259h\u0259rind\u0259 yerl\u0259\u015f\u0259n &#8220;\u0130qtisadiyyat v\u0259 Maliyy\u0259 \u0130nstitutu&#8221;nu bitirmi\u015fdir. Ali t\u0259hsilini tamamlad\u0131qdan sonra Bak\u0131ya qay\u0131tm\u0131\u015fd\u0131r. \u018fm\u0259k f\u0259aliyy\u0259tin\u0259 \u201cVeys\u0259lo\u011flu\u201d \u015firk\u0259tl\u0259r qrupunda ba\u015flam\u0131\u015fd\u0131r. 2007-2013-c\u00fc ill\u0259rd\u0259 sat\u0131\u015f, p\u0259rak\u0259nd\u0259 ticar\u0259t v\u0259 bank sah\u0259l\u0259rind\u0259 f\u0259aliyy\u0259t g\u00f6st\u0259r\u0259n \u015firk\u0259tl\u0259rd\u0259 m\u00fcxt\u0259lif r\u0259hb\u0259r v\u0259zif\u0259l\u0259rd\u0259 \u00e7al\u0131\u015fm\u0131\u015fd\u0131r. 2013-c\u00fc ild\u0259n etibar\u0259n bir \u00e7ox d\u00fcnyaca m\u0259\u015fhur brendl\u0259rin Az\u0259rbaycanda distrib\u00fctoru olan \u201cLEVATA GROUP\u201d MMC \u015firk\u0259tind\u0259 \u00e7al\u0131\u015f\u0131r. O hal-haz\u0131rda h\u0259min \u015firk\u0259td\u0259 Ba\u015f Direktor v\u0259zif\u0259sini tutur. 2020-ci ilin Fevral ay\u0131ndan etibar\u0259n Abbasquliyev To\u011frul Ayd\u0131n o\u011flu \u201cAz\u0259rbaycan z\u0259rg\u0259rl\u0259r assosiasiyas\u0131\u201d \u0130ctimai Birliyinin \u0130dar\u0259 Hey\u0259tinin s\u0259dridir.[\/vc_column_text][\/vc_column][\/vc_row][vc_row][vc_column column_width_percent=&#8221;100&#8243; gutter_size=&#8221;0&#8243; overlay_alpha=&#8221;50&#8243; shift_x=&#8221;0&#8243; shift_y=&#8221;0&#8243; shift_y_down=&#8221;0&#8243; z_index=&#8221;0&#8243; medium_width=&#8221;0&#8243; mobile_width=&#8221;0&#8243; width=&#8221;1\/4&#8243;][vc_single_image media=&#8221;83858&#8243; media_width_percent=&#8221;100&#8243;][\/vc_column][vc_column width=&#8221;3\/4&#8221;][vc_custom_heading]<\/p>\n<h2>\u018fmircanov R\u00f6v\u015f\u0259n C\u0259lil o\u011flu<\/h2>\n<p>\u0130dar\u0259 Hey\u0259tinin \u00fczv\u00fc &#8211; s\u0259drin m\u00fcavini[\/vc_custom_heading][vc_column_text uncode_shortcode_id=&#8221;108636&#8243;]\u018fmircanov R\u00f6v\u015f\u0259n C\u0259lil o\u011flu 1975-ci ild\u0259 Bak\u0131 \u015f\u0259h\u0259rind\u0259 anadan olmu\u015fdur. 2001-ci ild\u0259 T\u00fcrkiy\u0259nin S\u0259lcuq universitetinin iqtisadiyyat v\u0259 \u00a0idar\u0259etm\u0259 elml\u0259ri fak\u00fclt\u0259sind\u0259 d\u00f6vl\u0259t idar\u0259\u00e7iliyi \u00fczr\u0259 t\u0259hsil al\u0131b. 2009-2013-c\u00fc ill\u0259rd\u0259 Maliyy\u0259 Nazirliyinin Qiym\u0259tli Metallar v\u0259 Qiym\u0259tli Da\u015flara N\u0259zar\u0259t D\u00f6vl\u0259t Xidm\u0259tind\u0259 apar\u0131c\u0131 m\u0259sl\u0259h\u0259t\u00e7i-\u0259yar\u00e7\u0131 v\u0259zif\u0259sind\u0259 i\u015fl\u0259yib. 2013-2019-c\u00fc ill\u0259rd\u0259 Standartla\u015fd\u0131rma, Metrologiya v\u0259 Patent \u00fczr\u0259 D\u00f6vl\u0259t Komit\u0259sind\u0259 \u00e7al\u0131\u015f\u0131b. 2019-2025-ci ill\u0259rd\u0259 \u201cAzerGold\u201d QSC-nin Strateji planla\u015fd\u0131rma v\u0259 layih\u0259l\u0259rin idar\u0259olunmas\u0131 \u015f\u00f6b\u0259sinin Ba\u015f m\u00fct\u0259x\u0259ssisi v\u0259zif\u0259sind\u0259 \u00e7al\u0131\u015f\u0131b. 2021-ci ild\u0259n \u0130qtisadiyyat Nazirliyinin yan\u0131nda A\u0130BNDX-nin tabeliyind\u0259 olan \u201cAz\u0259rbaycan Standatla\u015fd\u0131rma \u0130nstitutu\u201d PH\u015e-in bazas\u0131nda yarad\u0131lm\u0131\u015f \u201cQiym\u0259tli Metallar v\u0259 Qiym\u0259tli Da\u015flar\u201d standartla\u015fd\u0131rma \u00fczr\u0259 texniki komit\u0259nin s\u0259dridir. 2025-ci ild\u0259 Antiinhisar v\u0259 \u0130stehlak Bazar\u0131na N\u0259zar\u0259t D\u00f6vl\u0259t Agentliyinin tabeliyind\u0259 \u201c\u0130stehlak Mallar\u0131n\u0131n Ekspertizas\u0131 M\u0259rk\u0259zi\u201d MMC-d\u0259 direktorun m\u00fc\u015faviri v\u0259zif\u0259sin\u0259 t\u0259yin edilib. 11.12.2025 tarixind\u0259n etibar\u0259n h\u0259min M\u0259rk\u0259zd\u0259 direktorun m\u00fcavini v\u0259zif\u0259sini icra edir. 2023-c\u00fc ilin \u0130yul ay\u0131ndan etibar\u0259n \u018fmircanov R\u00f6v\u015f\u0259n C\u0259lil o\u011flu \u201cAz\u0259rbaycan z\u0259rg\u0259rl\u0259r assosiasiyas\u0131\u201d \u0130ctimai Birliyinin \u0130dar\u0259 Hey\u0259ti s\u0259drinin m\u00fcavinidir.[\/vc_column_text][\/vc_column][\/vc_row][vc_row][vc_column column_width_percent=&#8221;100&#8243; gutter_size=&#8221;0&#8243; overlay_alpha=&#8221;50&#8243; shift_x=&#8221;0&#8243; shift_y=&#8221;0&#8243; shift_y_down=&#8221;0&#8243; z_index=&#8221;0&#8243; medium_width=&#8221;0&#8243; mobile_width=&#8221;0&#8243; width=&#8221;1\/4&#8243;][vc_single_image media=&#8221;84211&#8243; media_width_percent=&#8221;100&#8243; uncode_shortcode_id=&#8221;168314&#8243;][\/vc_column][vc_column width=&#8221;3\/4&#8243;][vc_custom_heading]<\/p>\n<h2>Pa\u015fayev Elxan Pa\u015fa o\u011flu<\/h2>\n<p>\u0130dar\u0259 Hey\u0259tinin \u00fczv\u00fc &#8211; s\u0259drin m\u00fcavini[\/vc_custom_heading][vc_column_text]Pa\u015fayev Elxan Pa\u015fa o\u011flu 1969-cu ild\u0259 Bak\u0131 \u015f\u0259h\u0259rind\u0259 anadan olmu\u015fdur. 1994-c\u00fc ild\u0259 Az\u0259rbaycan Kooperasiya Universitetinin Biznesin t\u0259\u015fkili fakult\u0259sini bitirib. 2002-2018-ci ill\u0259rd\u0259 Az\u0259rbaycan v\u0259 T\u00fcrkiy\u0259d\u0259 biznes f\u0259aliyy\u0259ti il\u0259 m\u0259\u015f\u011ful olub. 2018-ci ild\u0259n &#8220;EL.TA GLOBAL&#8221; \u015firk\u0259tinin r\u0259hb\u0259ri kimi \u0259lvan metallar\u0131n alq\u0131-satq\u0131s\u0131n\u0131 h\u0259yata ke\u00e7irir. 2022-ci ilin Noyabr ay\u0131ndan etibar\u0259n &#8220;\u015e\u0259rq Bazar\u0131&#8221;n\u0131n n\u0259zrind\u0259 f\u0259laiyy\u0259t g\u00f6st\u0259r\u0259n &#8220;Q\u0131z\u0131l Bazar\u0131&#8221;n\u0131n idar\u0259 edilm\u0259si il\u0259 m\u0259\u015f\u011fuldur. 2023-c\u00fc ilin \u0130yul ay\u0131ndan etibar\u0259n Pa\u015fayev Elxan Pa\u015fa o\u011flu \u201cAz\u0259rbaycan z\u0259rg\u0259rl\u0259r assosiasiyas\u0131\u201d \u0130ctimai Birliyinin \u0130dar\u0259 Hey\u0259ti s\u0259drinin m\u00fcavinidir.[\/vc_column_text][\/vc_column][\/vc_row][vc_row][vc_column column_width_percent=&#8221;100&#8243; gutter_size=&#8221;0&#8243; overlay_alpha=&#8221;50&#8243; shift_x=&#8221;0&#8243; shift_y=&#8221;0&#8243; shift_y_down=&#8221;0&#8243; z_index=&#8221;0&#8243; medium_width=&#8221;0&#8243; mobile_width=&#8221;0&#8243; width=&#8221;1\/4&#8243;][vc_single_image media=&#8221;83852&#8243; media_width_percent=&#8221;100&#8243;][\/vc_column][vc_column width=&#8221;3\/4&#8243;][vc_custom_heading uncode_shortcode_id=&#8221;192386&#8221;]<\/p>\n<h2>M\u0259likov A\u011famirz\u0259 Elman o\u011flu<\/h2>\n<p>\u0130dar\u0259 Hey\u0259tinin \u00fczv\u00fc &#8211; s\u0259drin m\u00fcavini[\/vc_custom_heading][vc_column_text uncode_shortcode_id=&#8221;105674&#8243;]M\u0259likov A\u011famirz\u0259 Elman o\u011flu 1995-ci ild\u0259 Bak\u0131 \u015f\u0259h\u0259rind\u0259 anadan olmu\u015fdur. Orta t\u0259hsilini Bak\u0131da tamamlay\u0131b. 2013-c\u00fc ild\u0259n ba\u015flayaraq z\u0259rg\u0259rlik sah\u0259sind\u0259 f\u0259aliyy\u0259t g\u00f6st\u0259rir. 2013-2019-cu illl\u0259r \u0259rzind\u0259 &#8220;TAC Gold&#8221; MMC-d\u0259 z\u0259rg\u0259rlik m\u0259mulatlar\u0131n\u0131n istehsal\u0131 v\u0259 sat\u0131\u015f\u0131 il\u0259 m\u0259\u015f\u011ful olub. Hal-haz\u0131rda h\u0259min \u015firk\u0259tin Direktor m\u00fcavini v\u0259zif\u0259sini tutur. 2023-c\u00fc ilin \u0130yul ay\u0131ndan etibar\u0259n M\u0259likov A\u011famirz\u0259 Elman o\u011flu \u201cAz\u0259rbaycan z\u0259rg\u0259rl\u0259r assosiasiyas\u0131\u201d \u0130ctimai Birliyinin \u0130dar\u0259 Hey\u0259ti s\u0259drinin m\u00fcavinidir.[\/vc_column_text][\/vc_column][\/vc_row][vc_row][vc_column column_width_percent=&#8221;100&#8243; gutter_size=&#8221;0&#8243; overlay_alpha=&#8221;50&#8243; shift_x=&#8221;0&#8243; shift_y=&#8221;0&#8243; shift_y_down=&#8221;0&#8243; z_index=&#8221;0&#8243; medium_width=&#8221;0&#8243; mobile_width=&#8221;0&#8243; width=&#8221;1\/4&#8243;][vc_single_image media_width_percent=&#8221;100&#8243; uncode_shortcode_id=&#8221;144293&#8243;][\/vc_column][vc_column width=&#8221;3\/4&#8243;][vc_custom_heading uncode_shortcode_id=&#8221;211529&#8243;]<\/p>\n<h2>X\u0259lilov R\u00f6v\u015f\u0259n \u015eahin o\u011flu<\/h2>\n<p>\u0130dar\u0259 Hey\u0259tinin \u00fczv\u00fc &#8211; s\u0259drin m\u00fcavini[\/vc_custom_heading][vc_column_text uncode_shortcode_id=&#8221;404687&#8243;]X\u0259lilov R\u00f6v\u015f\u0259n \u015eahin o\u011flu 1984-c\u00fc ild\u0259 \u015e\u0259ki \u015f\u0259h\u0259rind\u0259 anadan olmu\u015fdur. Orta t\u0259hsilini 2001-ci ild\u0259 Bak\u0131 \u015f\u0259h\u0259rind\u0259 bitirmi\u015fdir. Orta t\u0259hsilini tamamlad\u0131qdan sonra Az\u0259rbaycan Kooperasiya Universitetinin Beyn\u0259lxalq \u0130qtisadi m\u00fcnasib\u0259tl\u0259r fakult\u0259sin\u0259 q\u0259bul olmu\u015fdur. 2006-c\u0131 ild\u0259 ali t\u0259hsilini bitirmi\u015fdir. 2004-c\u00fc ild\u0259n z\u0259rg\u0259rlik f\u0259aliyy\u0259ti il\u0259 m\u0259\u015f\u011fuldur. 2015-ci ild\u0259 \u201cZin\u0259ti-Zi\u015fan\u201d z\u0259rg\u0259rlik brendini t\u0259sis etmi\u015fdir. 2020-ci ild\u0259n \u201cZin\u0259t Group\u201d \u015firk\u0259tind\u0259 \u00e7al\u0131\u015f\u0131r. 2023-c\u00fc ilin \u0130yul ay\u0131ndan etibar\u0259n X\u0259lilov R\u00f6v\u015f\u0259n \u015eahin o\u011flu \u201cAz\u0259rbaycan z\u0259rg\u0259rl\u0259r assosiasiyas\u0131\u201d \u0130ctimai Birliyinin \u0130dar\u0259 Hey\u0259ti s\u0259drinin m\u00fcavinidir.[\/vc_column_text][\/vc_column][\/vc_row][vc_row][vc_column width=&#8221;1\/1&#8243;][vc_raw_html]JTNDc3R5bGUlM0UlMEEuaGVhZGluZy10ZXh0LmVsLXRleHQlMjBoMiUyMCU3QiUwQSUyMCUyMCUyMCUyMG1hcmdpbi10b3AlM0ElMjAyNHB4JTNCJTBBJTIwJTIwJTIwJTIwY29sb3IlM0ElMjAlMjNiMzlhNTYlM0IlMEElMEElN0QlMEEuaGVhZGluZy10ZXh0LmVsLXRleHQlMjBwJTIwJTdCJTBBJTIwJTIwJTIwJTIwY29sb3IlM0ElMjAlMjNiMzlhNTYlM0IlMEFtYXJnaW4tdG9wJTNBJTIwOHB4JTNCJTBBJTBBJTdEJTBBLnVuY29kZV90ZXh0X2NvbHVtbiU3QiUwQW1hcmdpbi10b3AlM0EyNHB4JTNCJTBBbWFyZ2luLXRvcCUzQSUyMDhweCUyMWltcG9ydGFudCUzQiUwQSU3RCUwQSUzQyUyRnN0eWxlJTNF[\/vc_raw_html][\/vc_column][\/vc_row]<\/p>\n<\/div>","protected":false},"excerpt":{"rendered":"<p>[vc_row][vc_column column_width_percent=&#8221;100&#8243; position_horizontal=&#8221;left&#8221; gutter_size=&#8221;0&#8243; overlay_alpha=&#8221;50&#8243; shift_x=&#8221;0&#8243; shift_y=&#8221;0&#8243; shift_y_down=&#8221;0&#8243; z_index=&#8221;0&#8243; medium_width=&#8221;0&#8243; mobile_width=&#8221;0&#8243; width=&#8221;1\/4&#8243;][vc_single_image media=&#8221;83808&#8243; media_width_percent=&#8221;100&#8243;][\/vc_column][vc_column width=&#8221;3\/4&#8243;][vc_custom_heading] Abbasquliyev To\u011frul Ayd\u0131n o\u011flu \u0130dar\u0259 [&hellip;]<\/p>\n","protected":false},"author":1,"featured_media":82742,"parent":0,"menu_order":0,"comment_status":"closed","ping_status":"closed","template":"","meta":{"footnotes":""},"class_list":["post-82744","page","type-page","status-publish","has-post-thumbnail","hentry"],"_links":{"self":[{"href":"https:\/\/zergerler.az\/index.php?rest_route=\/wp\/v2\/pages\/82744","targetHints":{"allow":["GET"]}}],"collection":[{"href":"https:\/\/zergerler.az\/index.php?rest_route=\/wp\/v2\/pages"}],"about":[{"href":"https:\/\/zergerler.az\/index.php?rest_route=\/wp\/v2\/types\/page"}],"author":[{"embeddable":true,"href":"https:\/\/zergerler.az\/index.php?rest_route=\/wp\/v2\/users\/1"}],"replies":[{"embeddable":true,"href":"https:\/\/zergerler.az\/index.php?rest_route=%2Fwp%2Fv2%2Fcomments&post=82744"}],"version-history":[{"count":50,"href":"https:\/\/zergerler.az\/index.php?rest_route=\/wp\/v2\/pages\/82744\/revisions"}],"predecessor-version":[{"id":84608,"href":"https:\/\/zergerler.az\/index.php?rest_route=\/wp\/v2\/pages\/82744\/revisions\/84608"}],"wp:featuredmedia":[{"embeddable":true,"href":"https:\/\/zergerler.az\/index.php?rest_route=\/wp\/v2\/media\/82742"}],"wp:attachment":[{"href":"https:\/\/zergerler.az\/index.php?rest_route=%2Fwp%2Fv2%2Fmedia&parent=82744"}],"curies":[{"name":"wp","href":"https:\/\/api.w.org\/{rel}","templated":true}]}}