{"id":82940,"date":"2020-11-26T16:22:26","date_gmt":"2020-11-26T16:22:26","guid":{"rendered":"https:\/\/zergerler.az\/?page_id=82940"},"modified":"2026-01-15T13:24:09","modified_gmt":"2026-01-15T13:24:09","slug":"uzvl%c9%99r","status":"publish","type":"page","link":"https:\/\/zergerler.az\/?page_id=82940","title":{"rendered":"\u00dczvl\u0259r"},"content":{"rendered":"<div class=\"wpb-content-wrapper\"><p>[vc_row unlock_row_content=&#8221;yes&#8221; row_height_percent=&#8221;0&#8243; override_padding=&#8221;yes&#8221; h_padding=&#8221;0&#8243; top_padding=&#8221;0&#8243; bottom_padding=&#8221;0&#8243; overlay_alpha=&#8221;100&#8243; equal_height=&#8221;yes&#8221; gutter_size=&#8221;0&#8243; shift_y=&#8221;0&#8243; style=&#8221;inherited&#8221;][vc_column column_width_percent=&#8221;100&#8243; position_horizontal=&#8221;left&#8221; gutter_size=&#8221;3&#8243; override_padding=&#8221;yes&#8221; column_padding=&#8221;5&#8243; back_color=&#8221;color-xsdn&#8221; overlay_alpha=&#8221;100&#8243; shift_x=&#8221;0&#8243; shift_y=&#8221;0&#8243; z_index=&#8221;0&#8243; medium_width=&#8221;100&#8243; zoom_width=&#8221;0&#8243; zoom_height=&#8221;0&#8243; width=&#8221;1\/1&#8243; safe_padding=&#8221;yes&#8221;][vc_custom_heading uncode_shortcode_id=&#8221;202549&#8243;]<\/p>\n<h3>\u00a0 \u00a0 \u00a0 \u00a0 \u00a0 \u00a0 \u00a0 \u00a0Hal-haz\u0131rda Assosiasiyan\u0131n 115 \u00fczv\u00fc var<\/h3>\n<p>[\/vc_custom_heading][vc_row_inner row_inner_height_percent=&#8221;0&#8243; overlay_alpha=&#8221;50&#8243; gutter_size=&#8221;4&#8243; shift_y=&#8221;0&#8243;][vc_column_inner width=&#8221;1\/4&#8243;][vc_single_image media=&#8221;82880&#8243; media_width_percent=&#8221;100&#8243; css_animation=&#8221;zoom-in&#8221; animation_delay=&#8221;100&#8243; el_class=&#8221;img_logo_uzvler&#8221; media_link=&#8221;url:https%3A%2F%2Fwww.levatagroup.com%2F||target:%20_blank|&#8221;][\/vc_column_inner][vc_column_inner width=&#8221;1\/4&#8243;][vc_single_image media=&#8221;82889&#8243; media_width_percent=&#8221;100&#8243; css_animation=&#8221;zoom-in&#8221; animation_delay=&#8221;100&#8243; el_class=&#8221;img_logo_uzvler&#8221; media_link=&#8221;url:https%3A%2F%2Fwww.resm.com%2F||target:%20_blank|&#8221;][\/vc_column_inner][vc_column_inner width=&#8221;1\/4&#8243;][vc_single_image media=&#8221;82892&#8243; media_width_percent=&#8221;100&#8243; css_animation=&#8221;zoom-in&#8221; animation_delay=&#8221;100&#8243; el_class=&#8221;img_logo_uzvler&#8221; media_link=&#8221;url:https%3A%2F%2Fzinetizishan.az%2F||target:%20_blank|&#8221;][\/vc_column_inner][vc_column_inner width=&#8221;1\/4&#8243;][vc_single_image media=&#8221;84126&#8243; media_width_percent=&#8221;100&#8243; css_animation=&#8221;zoom-in&#8221; animation_delay=&#8221;100&#8243; el_class=&#8221;img_logo_uzvler&#8221; media_link=&#8221;url:https%3A%2F%2Fwww.instagram.com%2Fvivid_diamond_baku%3Figshid%3D1p8z919evrlxx|target:_blank&#8221; uncode_shortcode_id=&#8221;812296&#8243;][\/vc_column_inner][\/vc_row_inner][vc_row_inner row_inner_height_percent=&#8221;0&#8243; overlay_alpha=&#8221;50&#8243; gutter_size=&#8221;4&#8243; shift_y=&#8221;0&#8243;][vc_column_inner width=&#8221;1\/4&#8243;][vc_single_image media=&#8221;82931&#8243; media_width_percent=&#8221;100&#8243; css_animation=&#8221;zoom-in&#8221; animation_delay=&#8221;100&#8243; el_class=&#8221;img_logo_uzvler&#8221; media_link=&#8221;url:https%3A%2F%2Fwww.instagram.com%2Fdastan_traditional_arts%2F%3Fhl%3Den||target:%20_blank|&#8221;][\/vc_column_inner][vc_column_inner width=&#8221;1\/4&#8243;][vc_single_image media=&#8221;82950&#8243; media_width_percent=&#8221;100&#8243; css_animation=&#8221;zoom-in&#8221; animation_delay=&#8221;100&#8243; el_class=&#8221;img_logo_uzvler&#8221; media_link=&#8221;url:https%3A%2F%2Fwww.italdizain.az%2F||target:%20_blank|&#8221;][\/vc_column_inner][vc_column_inner width=&#8221;1\/4&#8243;][vc_single_image media=&#8221;83990&#8243; media_width_percent=&#8221;100&#8243; css_animation=&#8221;zoom-in&#8221; animation_delay=&#8221;100&#8243; el_class=&#8221;img_logo_uzvler&#8221; media_link=&#8221;url:https%3A%2F%2Flahij.com%2F||target:%20_blank|&#8221;][\/vc_column_inner][vc_column_inner width=&#8221;1\/4&#8243;][vc_single_image media=&#8221;82888&#8243; media_width_percent=&#8221;100&#8243; css_animation=&#8221;zoom-in&#8221; animation_delay=&#8221;100&#8243; el_class=&#8221;img_logo_uzvler&#8221; media_link=&#8221;url:https%3A%2F%2Fazergold.az%2F||target:%20_blank|&#8221;][\/vc_column_inner][\/vc_row_inner][vc_row_inner row_inner_height_percent=&#8221;0&#8243; overlay_alpha=&#8221;50&#8243; gutter_size=&#8221;4&#8243; shift_y=&#8221;0&#8243;][vc_column_inner width=&#8221;1\/4&#8243;][vc_single_image media=&#8221;82918&#8243; media_width_percent=&#8221;100&#8243; css_animation=&#8221;zoom-in&#8221; animation_delay=&#8221;100&#8243; el_class=&#8221;img_logo_uzvler&#8221; media_link=&#8221;url:https%3A%2F%2Finstagram.com%2Fselvijewellery||target:%20_blank|&#8221;][\/vc_column_inner][vc_column_inner width=&#8221;1\/4&#8243;][vc_single_image media=&#8221;82919&#8243; media_width_percent=&#8221;100&#8243; css_animation=&#8221;zoom-in&#8221; animation_delay=&#8221;100&#8243; el_class=&#8221;img_logo_uzvler&#8221; media_link=&#8221;url:https%3A%2F%2Fwww.instagram.com%2Fcaharshah%2F||target:%20_blank|&#8221;][\/vc_column_inner][vc_column_inner width=&#8221;1\/4&#8243;][vc_single_image media=&#8221;83084&#8243; media_width_percent=&#8221;100&#8243; css_animation=&#8221;zoom-in&#8221; animation_delay=&#8221;100&#8243; el_class=&#8221;img_logo_uzvler&#8221; media_link=&#8221;url:https%3A%2F%2Fblueplanet.az%2F||target:%20_blank|&#8221;][\/vc_column_inner][vc_column_inner width=&#8221;1\/4&#8243;][vc_single_image media=&#8221;83085&#8243; media_width_percent=&#8221;100&#8243; css_animation=&#8221;zoom-in&#8221; animation_delay=&#8221;100&#8243; el_class=&#8221;img_logo_uzvler&#8221; media_link=&#8221;url:https%3A%2F%2Finstagram.com%2Fsah_sebeke_%3Figshid%3D1qwnccw4uuwen||target:%20_blank|&#8221;][\/vc_column_inner][\/vc_row_inner][vc_row_inner row_inner_height_percent=&#8221;0&#8243; overlay_alpha=&#8221;50&#8243; gutter_size=&#8221;4&#8243; shift_y=&#8221;0&#8243;][vc_column_inner width=&#8221;1\/4&#8243;][vc_single_image media=&#8221;83183&#8243; media_width_percent=&#8221;100&#8243; css_animation=&#8221;zoom-in&#8221; animation_delay=&#8221;100&#8243; el_class=&#8221;img_logo_uzvler&#8221; media_link=&#8221;url:https%3A%2F%2Fwww.instagram.com%2Fkhansjewelry%2F||target:%20_blank|&#8221;][\/vc_column_inner][vc_column_inner width=&#8221;1\/4&#8243;][vc_single_image media=&#8221;83083&#8243; media_width_percent=&#8221;100&#8243; css_animation=&#8221;zoom-in&#8221; animation_delay=&#8221;100&#8243; el_class=&#8221;img_logo_uzvler&#8221; media_link=&#8221;url:https%3A%2F%2Fwww.instagram.com%2Fdiademajewellery%2F%3Figshid%3Dx8o2am11j2ug||target:%20_blank|&#8221;][\/vc_column_inner][vc_column_inner width=&#8221;1\/4&#8243;][vc_single_image media=&#8221;83117&#8243; media_width_percent=&#8221;100&#8243; css_animation=&#8221;zoom-in&#8221; animation_delay=&#8221;100&#8243; el_class=&#8221;img_logo_uzvler&#8221; media_link=&#8221;url:https%3A%2F%2Fwww.instagram.com%2Fshamsa_jewelry_baku%2F||target:%20_blank|&#8221;][\/vc_column_inner][vc_column_inner width=&#8221;1\/4&#8243;][vc_single_image media=&#8221;83119&#8243; media_width_percent=&#8221;100&#8243; css_animation=&#8221;zoom-in&#8221; animation_delay=&#8221;100&#8243; el_class=&#8221;img_logo_uzvler&#8221; media_link=&#8221;url:https%3A%2F%2Fwww.instagram.com%2Fmytilsim%2F||target:%20_blank|&#8221;][\/vc_column_inner][\/vc_row_inner][vc_row_inner row_inner_height_percent=&#8221;0&#8243; overlay_alpha=&#8221;50&#8243; gutter_size=&#8221;4&#8243; shift_y=&#8221;0&#8243;][vc_column_inner width=&#8221;1\/4&#8243;][vc_single_image media=&#8221;83351&#8243; media_width_percent=&#8221;100&#8243; css_animation=&#8221;zoom-in&#8221; animation_delay=&#8221;100&#8243; el_class=&#8221;img_logo_uzvler&#8221; media_link=&#8221;url:https%3A%2F%2Fwww.instagram.com%2Flilex.az%2F%3Futm_medium%3Dcopy_link||target:%20_blank|&#8221;][\/vc_column_inner][vc_column_inner width=&#8221;1\/4&#8243;][vc_single_image media=&#8221;83374&#8243; media_width_percent=&#8221;100&#8243; css_animation=&#8221;zoom-in&#8221; animation_delay=&#8221;100&#8243; el_class=&#8221;img_logo_uzvler&#8221; media_link=&#8221;url:https%3A%2F%2Fwww.instagram.com%2Fminali_silver%2F%3Fhl%3Dru||target:%20_blank|&#8221;][\/vc_column_inner][vc_column_inner width=&#8221;1\/4&#8243;][vc_single_image media=&#8221;83375&#8243; media_width_percent=&#8221;100&#8243; css_animation=&#8221;zoom-in&#8221; animation_delay=&#8221;100&#8243; el_class=&#8221;img_logo_uzvler&#8221; media_link=&#8221;url:https%3A%2F%2Fwww.instagram.com%2Fbutaliofficial%2F%3Fhl%3Dru||target:%20_blank|&#8221;][\/vc_column_inner][vc_column_inner width=&#8221;1\/4&#8243;][vc_single_image media=&#8221;83376&#8243; media_width_percent=&#8221;100&#8243; css_animation=&#8221;zoom-in&#8221; animation_delay=&#8221;100&#8243; el_class=&#8221;img_logo_uzvler&#8221; media_link=&#8221;url:https%3A%2F%2Fwww.instagram.com%2Firs_traditional_jewellery%2F%3Futm_medium%3Dcopy_link||target:%20_blank|&#8221;][\/vc_column_inner][\/vc_row_inner][\/vc_column][\/vc_row][vc_row][vc_column width=&#8221;1\/1&#8243;][vc_raw_html]JTNDc3R5bGUlM0UlMEEudW5jb2RlLXNpbmdsZS1tZWRpYS13cmFwcGVyJTIwaW1nJTIwJTdCJTBBJTIwJTIwJTIwLXdlYmtpdC1maWx0ZXIlM0ElMjBncmF5c2NhbGUlMjgxMDAlMjUlMjklM0IlMEElMjAlMjAlMjAtbW96LWZpbHRlciUzQSUyMGdyYXlzY2FsZSUyODEwMCUyNSUyOSUzQiUwQSUyMCUyMCUyMC1tcy1maWx0ZXIlM0ElMjBncmF5c2NhbGUlMjgxMDAlMjUlMjklM0IlMEElMjAlMjAlMjBmaWx0ZXIlM0ElMjBncmF5c2NhbGUlMjgxMDAlMjUlMjklM0IlMEElMjAlMjAlMjBmaWx0ZXIlM0ElMjBncmF5JTNCJTIwJTJGJTJBJTIwSUUlMjA2LTklMjAlMkElMkYlMEElN0QlMEEudW5jb2RlLXNpbmdsZS1tZWRpYS13cmFwcGVyJTIwaW1nJTNBaG92ZXIlMjAlN0IlMEElMjAlMjAlMjAlMjAtd2Via2l0LWZpbHRlciUzQSUyMGdyYXlzY2FsZSUyODAlMjUlMjklM0IlMEElMjAlMjAlMjAlMjBmaWx0ZXIlM0ElMjBncmF5c2NhbGUlMjgwJTI1JTI5JTNCJTBBdHJhbnNpdGlvbi10aW1pbmctZnVuY3Rpb24lM0ElMjBlYXNlLWluLW91dCUzQiUwQSU3RCUwQSUzQyUyRnN0eWxlJTNF[\/vc_raw_html][\/vc_column][\/vc_row]<\/p>\n<\/div>","protected":false},"excerpt":{"rendered":"<p>[vc_row unlock_row_content=&#8221;yes&#8221; row_height_percent=&#8221;0&#8243; override_padding=&#8221;yes&#8221; h_padding=&#8221;0&#8243; top_padding=&#8221;0&#8243; bottom_padding=&#8221;0&#8243; overlay_alpha=&#8221;100&#8243; equal_height=&#8221;yes&#8221; gutter_size=&#8221;0&#8243; shift_y=&#8221;0&#8243; style=&#8221;inherited&#8221;][vc_column column_width_percent=&#8221;100&#8243; position_horizontal=&#8221;left&#8221; gutter_size=&#8221;3&#8243; override_padding=&#8221;yes&#8221; column_padding=&#8221;5&#8243; back_color=&#8221;color-xsdn&#8221; overlay_alpha=&#8221;100&#8243; shift_x=&#8221;0&#8243; [&hellip;]<\/p>\n","protected":false},"author":1,"featured_media":82618,"parent":0,"menu_order":0,"comment_status":"closed","ping_status":"closed","template":"","meta":{"footnotes":""},"class_list":["post-82940","page","type-page","status-publish","has-post-thumbnail","hentry"],"_links":{"self":[{"href":"https:\/\/zergerler.az\/index.php?rest_route=\/wp\/v2\/pages\/82940","targetHints":{"allow":["GET"]}}],"collection":[{"href":"https:\/\/zergerler.az\/index.php?rest_route=\/wp\/v2\/pages"}],"about":[{"href":"https:\/\/zergerler.az\/index.php?rest_route=\/wp\/v2\/types\/page"}],"author":[{"embeddable":true,"href":"https:\/\/zergerler.az\/index.php?rest_route=\/wp\/v2\/users\/1"}],"replies":[{"embeddable":true,"href":"https:\/\/zergerler.az\/index.php?rest_route=%2Fwp%2Fv2%2Fcomments&post=82940"}],"version-history":[{"count":52,"href":"https:\/\/zergerler.az\/index.php?rest_route=\/wp\/v2\/pages\/82940\/revisions"}],"predecessor-version":[{"id":84591,"href":"https:\/\/zergerler.az\/index.php?rest_route=\/wp\/v2\/pages\/82940\/revisions\/84591"}],"wp:featuredmedia":[{"embeddable":true,"href":"https:\/\/zergerler.az\/index.php?rest_route=\/wp\/v2\/media\/82618"}],"wp:attachment":[{"href":"https:\/\/zergerler.az\/index.php?rest_route=%2Fwp%2Fv2%2Fmedia&parent=82940"}],"curies":[{"name":"wp","href":"https:\/\/api.w.org\/{rel}","templated":true}]}}