{"id":83932,"date":"2023-10-23T13:06:36","date_gmt":"2023-10-23T13:06:36","guid":{"rendered":"https:\/\/zergerler.az\/?page_id=83932"},"modified":"2024-01-10T08:47:27","modified_gmt":"2024-01-10T08:47:27","slug":"qanunvericilik","status":"publish","type":"page","link":"https:\/\/zergerler.az\/?page_id=83932","title":{"rendered":"Qanunvericilik"},"content":{"rendered":"<div class=\"wpb-content-wrapper\"><p>[vc_row][vc_column width=&#8221;3\/4&#8243;][vc_custom_heading]<\/p>\n<h2><a href=\"https:\/\/e-qanun.az\/framework\/10851\" target=\"_blank\" rel=\"noopener\"><span lang=\"AZ-LATIN\">Qiym\u0259tli metallar v\u0259 qiym\u0259tli da\u015flar haqq\u0131nda Az\u0259rbaycan Respublikas\u0131n\u0131n Qanunu<\/span><\/a><\/h2>\n<p>[\/vc_custom_heading][vc_custom_heading]<\/p>\n<h2><a href=\"https:\/\/president.az\/az\/articles\/view\/61682\" target=\"_blank\" rel=\"noopener\">&#8220;Qiym\u0259tli metallar v\u0259 qiym\u0259tli da\u015flar haqq\u0131nda&#8221; v\u0259 &#8220;Na\u011fds\u0131z hesabla\u015fmalar haqq\u0131nda&#8221; Az\u0259rbaycan Respublikas\u0131n\u0131n qanunlar\u0131nda d\u0259yi\u015fiklik edilm\u0259si bar\u0259d\u0259 Az\u0259rbaycan Respublikas\u0131n\u0131n Qanunu<\/a><\/h2>\n<p>[\/vc_custom_heading][vc_custom_heading]<\/p>\n<h2><a href=\"https:\/\/e-qanun.az\/framework\/13963\" target=\"_blank\" rel=\"noopener\"><span lang=\"AZ-LATIN\">&#8220;Qiym\u0259tli metallar\u0131n v\u0259 da\u015flar\u0131n, onlardan haz\u0131rlanan m\u0259hsullar\u0131n u\u00e7otu, saxlan\u0131lmas\u0131, da\u015f\u0131nmas\u0131, hesabat\u0131n\u0131n apar\u0131lmas\u0131, habel\u0259 onlarla \u0259m\u0259liyyatlar apar\u0131lmas\u0131 Qaydalar\u0131&#8221;n\u0131n t\u0259sdiq edilm\u0259si haqq\u0131nda Az\u0259rbaycan Respublikas\u0131 Nazirl\u0259r Kabinetinin Q\u0259rar\u0131<\/span><\/a><\/h2>\n<p>[\/vc_custom_heading][vc_custom_heading]<\/p>\n<h2><a href=\"https:\/\/e-qanun.az\/framework\/3724\" target=\"_blank\" rel=\"noopener\"><span lang=\"AZ-LATIN\">Az\u0259rbaycan Respublikas\u0131 \u0259razisind\u0259 p\u0259rak\u0259nd\u0259 ticar\u0259t obyektl\u0259rind\u0259 d\u0259yi\u015fdirilm\u0259li olmayan mallar\u0131n siyah\u0131s\u0131 haqq\u0131nda Az\u0259rbaycan Respublikas\u0131 Nazirl\u0259r Kabinetinin Q\u0259rar\u0131<\/span><\/a><\/h2>\n<p>[\/vc_custom_heading][vc_custom_heading uncode_shortcode_id=&#8221;583505&#8243;]<\/p>\n<h2><a href=\"https:\/\/e-qanun.az\/framework\/47088\" target=\"_blank\" rel=\"noopener\"><span lang=\"AZ-LATIN\">Az\u0259rbaycan Respublikas\u0131n\u0131n Vergi M\u0259c\u0259ll\u0259sind\u0259 d\u0259yi\u015fiklik edilm\u0259si haqq\u0131nda Az\u0259rbaycan Respublikas\u0131n\u0131n Qanunu (2021-2023 ill\u0259ri \u0259hat\u0259 ed\u0259n m\u00fcdd\u0259t \u00fczr\u0259 vergi g\u00fcz\u0259\u015ftl\u0259ri bar\u0259d\u0259)<\/span><\/a><\/h2>\n<p>[\/vc_custom_heading][vc_custom_heading uncode_shortcode_id=&#8221;420742&#8243;]<\/p>\n<h2><a href=\"https:\/\/static.president.az\/upload\/Files\/2023\/12\/29\/655d4ade96d62de96503c70e7837cf69_9000749.pdf\" target=\"_blank\" rel=\"noopener\"><span lang=\"AZ-LATIN\">Az\u0259rbaycan Respublikas\u0131n\u0131n Vergi M\u0259c\u0259ll\u0259sind\u0259 d\u0259yi\u015fiklik edilm\u0259si haqq\u0131nda Az\u0259rbaycan Respublikas\u0131n\u0131n Qanunu (2024-2026 ill\u0259ri \u0259hat\u0259 ed\u0259n m\u00fcdd\u0259t \u00fczr\u0259 vergi g\u00fcz\u0259\u015ftl\u0259ri bar\u0259d\u0259)<\/span><\/a><\/h2>\n<p>[\/vc_custom_heading][vc_custom_heading]<\/p>\n<h2><a href=\"https:\/\/nk.gov.az\/az\/senedler\/qerarlar\/azarbaycan-respublikasi-nazirlar-kabinetinin-2017-ci-il-17-noyabr-tarixli-500-nomrali-qarari-ila-tas-5240\" target=\"_blank\" rel=\"noopener\"><span lang=\"AZ-LATIN\">Az\u0259rbaycan Respublikas\u0131 Nazirl\u0259r Kabinetinin 5 aprel 2021-ci il tarixli 88 sayl\u0131 Q\u0259rar\u0131 (g\u00f6mr\u00fck g\u00fcz\u0259\u015ftl\u0259ri bar\u0259d\u0259)<\/span><\/a><\/h2>\n<p>[\/vc_custom_heading][vc_custom_heading]<\/p>\n<h2><a href=\"https:\/\/www.taxes.gov.az\/uploads\/2021\/qayda\/08092021_12_2117010079966900.pdf\" target=\"_blank\" rel=\"noopener\">Q\u0131z\u0131ldan v\u0259 g\u00fcm\u00fc\u015fd\u0259n haz\u0131rlanan z\u0259rg\u0259rlik m\u0259mulatlar\u0131n\u0131n istehsal\u0131 v\u0259 emal\u0131 i\u015fl\u0259rinin g\u00f6r\u00fclm\u0259si m\u0259qs\u0259dil\u0259 d\u0259zgahlar\u0131n, avadanl\u0131qlar\u0131n v\u0259 qur\u011fular\u0131n idxal\u0131 \u00fc\u00e7\u00fcn t\u0259sdiqedici s\u0259n\u0259din verilm\u0259si Qaydas\u0131<\/a><\/h2>\n<p>[\/vc_custom_heading][vc_custom_heading]<\/p>\n<h2><a href=\"https:\/\/e-qanun.az\/framework\/12499\" target=\"_blank\" rel=\"noopener\"><span lang=\"AZ-LATIN\">Az\u0259rbaycan Respublikas\u0131nda idxal-ixrac \u0259m\u0259liyyatlar\u0131n\u0131n t\u0259nziml\u0259nm\u0259si Qaydalar\u0131<\/span><\/a><\/h2>\n<p>[\/vc_custom_heading][vc_custom_heading]<\/p>\n<h2><a href=\"https:\/\/e-qanun.az\/framework\/46303\" target=\"_blank\" rel=\"noopener\"><span lang=\"AZ-LATIN\">&#8220;Mallar\u0131n ixrac qeydi il\u0259 sat\u0131\u015f\u0131 Qaydas\u0131&#8221;n\u0131n t\u0259sdiq edilm\u0259si haqq\u0131nda Az\u0259rbaycan Respublikas\u0131 Nazirl\u0259r Kabinetinin Q\u0259rar\u0131<\/span><\/a><\/h2>\n<p>[\/vc_custom_heading][vc_custom_heading]<\/p>\n<h2><a href=\"https:\/\/e-qanun.az\/framework\/45372\" target=\"_blank\" rel=\"noopener\"><span lang=\"AZ-LATIN\">&#8220;Elektron al\u0131\u015f akt\u0131n\u0131n formas\u0131n\u0131n, t\u0259tbiqi, u\u00e7otu v\u0259 istifad\u0259si Qaydalar\u0131&#8221;n\u0131n t\u0259sdiq edilm\u0259si haqq\u0131nda Az\u0259rbaycan Respublikas\u0131 Nazirl\u0259r Kabinetinin Q\u0259rar\u0131<\/span><\/a><\/h2>\n<p>[\/vc_custom_heading][vc_custom_heading]<\/p>\n<h2><a href=\"https:\/\/e-qanun.az\/framework\/26861\" target=\"_blank\" rel=\"noopener\"><span lang=\"AZ-LATIN\">&#8220;Mallar\u0131n daxild\u0259 emal x\u00fcsusi g\u00f6mr\u00fck proseduru alt\u0131nda yerl\u0259\u015fdirilm\u0259si Qaydalar\u0131&#8221;n\u0131n t\u0259sdiq edilm\u0259si haqq\u0131nda Az\u0259rbaycan Respublikas\u0131 Nazirl\u0259r Kabinetinin Q\u0259rar\u0131<\/span><\/a><\/h2>\n<p>[\/vc_custom_heading][vc_custom_heading]<\/p>\n<h2><a href=\"https:\/\/e-qanun.az\/framework\/10709\" target=\"_blank\" rel=\"noopener\"><span lang=\"AZ-LATIN\">M\u00fclki d\u00f6vriyy\u0259si m\u0259hdudla\u015fd\u0131r\u0131lm\u0131\u015f \u0259\u015fyalar\u0131n d\u00f6vriyy\u0259sinin t\u0259nziml\u0259nm\u0259si sah\u0259sind\u0259 \u0259lav\u0259 t\u0259dbirl\u0259r haqq\u0131nda Az\u0259rbaycan Respublikas\u0131 Prezidentinin F\u0259rman\u0131<\/span><\/a><\/h2>\n<p>[\/vc_custom_heading][vc_custom_heading]<\/p>\n<h2><a href=\"https:\/\/e-qanun.az\/framework\/15187\" target=\"_blank\" rel=\"noopener\"><span lang=\"AZ-LATIN\">&#8220;Qiym\u0259tli metallardan haz\u0131rlanm\u0131\u015f m\u0259hsullar\u0131n, o c\u00fcml\u0259d\u0259n z\u0259rg\u0259rlik v\u0259 dig\u0259r m\u0259i\u015f\u0259t m\u0259mulatlar\u0131n\u0131n \u0259yarlanmas\u0131 v\u0259 dam\u011falanmas\u0131 Qaydalar\u0131&#8221;n\u0131n v\u0259 &#8220;\u018fyar dam\u011falar\u0131n\u0131n n\u00f6vl\u0259ri v\u0259 qurulu\u015fu&#8221;nun t\u0259sdiq edilm\u0259si haqq\u0131nda Az\u0259rbaycan Respublikas\u0131 Nazirl\u0259r Kabinetinin Q\u0259rar\u0131<\/span><\/a><\/h2>\n<p>[\/vc_custom_heading][vc_custom_heading]<\/p>\n<h2><a href=\"https:\/\/e-qanun.az\/framework\/2860\" target=\"_blank\" rel=\"noopener\"><span lang=\"AZ-LATIN\">D\u00f6vl\u0259r r\u00fcsumu haqq\u0131nda Az\u0259rbaycan Respublikas\u0131n\u0131n Qanunu (Madd\u0259 27-1)<\/span><\/a><\/h2>\n<p>[\/vc_custom_heading][vc_custom_heading]<\/p>\n<h2><a href=\"http:\/\/e-standart.gov.az\/StandardClassification\/Index?pc=39.060\" target=\"_blank\" rel=\"noopener\">Z\u0259rg\u0259rlik sah\u0259si \u00fczr\u0259 standartlar kataloqu<\/a><\/h2>\n<p>[\/vc_custom_heading][vc_custom_heading]<\/p>\n<h2><a href=\"https:\/\/www.taxes.gov.az\/az\/page\/ar-vergi-mecellesi\" target=\"_blank\" rel=\"noopener\"><span lang=\"AZ-LATIN\">Az\u0259rbaycan Respublikas\u0131n\u0131n Vergi M\u0259c\u0259ll\u0259si<\/span><\/a><\/h2>\n<p>[\/vc_custom_heading][vc_custom_heading]<\/p>\n<h2><a href=\"https:\/\/customs.gov.az\/uploads\/legislation\/27\/dd021edadfbdbfc943e36abea8006a82.pdf?v=1645518531\" target=\"_blank\" rel=\"noopener\"><span lang=\"AZ-LATIN\">Az\u0259rbaycan Respublikas\u0131n\u0131n G\u00f6mr\u00fck M\u0259c\u0259ll\u0259si<\/span><\/a><\/h2>\n<p>[\/vc_custom_heading][vc_custom_heading]<\/p>\n<h2><a href=\"https:\/\/e-qanun.az\/framework\/511\" target=\"_blank\" rel=\"noopener\"><span lang=\"AZ-LATIN\">Qeyri-h\u00f6kum\u0259t t\u0259\u015fkilatlar\u0131 (ictimai birlikl\u0259r v\u0259 fondlar) haqq\u0131nda Az\u0259rbaycan Respublikas\u0131n\u0131n Qanunu<\/span><\/a><\/h2>\n<p>[\/vc_custom_heading][\/vc_column][\/vc_row]<\/p>\n<\/div>","protected":false},"excerpt":{"rendered":"<p>[vc_row][vc_column width=&#8221;3\/4&#8243;][vc_custom_heading] Qiym\u0259tli metallar v\u0259 qiym\u0259tli da\u015flar haqq\u0131nda Az\u0259rbaycan Respublikas\u0131n\u0131n Qanunu [\/vc_custom_heading][vc_custom_heading] &#8220;Qiym\u0259tli metallar v\u0259 qiym\u0259tli da\u015flar haqq\u0131nda&#8221; v\u0259 &#8220;Na\u011fds\u0131z [&hellip;]<\/p>\n","protected":false},"author":1,"featured_media":0,"parent":0,"menu_order":0,"comment_status":"closed","ping_status":"closed","template":"","meta":{"footnotes":""},"class_list":["post-83932","page","type-page","status-publish","hentry"],"_links":{"self":[{"href":"https:\/\/zergerler.az\/index.php?rest_route=\/wp\/v2\/pages\/83932","targetHints":{"allow":["GET"]}}],"collection":[{"href":"https:\/\/zergerler.az\/index.php?rest_route=\/wp\/v2\/pages"}],"about":[{"href":"https:\/\/zergerler.az\/index.php?rest_route=\/wp\/v2\/types\/page"}],"author":[{"embeddable":true,"href":"https:\/\/zergerler.az\/index.php?rest_route=\/wp\/v2\/users\/1"}],"replies":[{"embeddable":true,"href":"https:\/\/zergerler.az\/index.php?rest_route=%2Fwp%2Fv2%2Fcomments&post=83932"}],"version-history":[{"count":28,"href":"https:\/\/zergerler.az\/index.php?rest_route=\/wp\/v2\/pages\/83932\/revisions"}],"predecessor-version":[{"id":84110,"href":"https:\/\/zergerler.az\/index.php?rest_route=\/wp\/v2\/pages\/83932\/revisions\/84110"}],"wp:attachment":[{"href":"https:\/\/zergerler.az\/index.php?rest_route=%2Fwp%2Fv2%2Fmedia&parent=83932"}],"curies":[{"name":"wp","href":"https:\/\/api.w.org\/{rel}","templated":true}]}}